late the highest common factor of 3071198 and 494.
494
What is the highest common divisor of 3781 and 1064?
19
What is the greatest common divisor of 3423 and 5215?
7
Calculate the highest common divisor of 48 and 1629600.
48
Calculate the highest common factor of 648 and 640.
8
Calculate the highest common factor of 7198 and 488.
122
What is the highest common factor of 3 and 292908?
3
What is the greatest common factor of 245808 and 324?
108
Calculate the highest common divisor of 995368 and 88.
88
Calculate the highest common divisor of 1541 and 82409.
23
What is the highest common divisor of 677916 and 84?
12
Calculate the highest common factor of 78969 and 66.
33
Calculate the greatest common factor of 32 and 856.
8
What is the greatest common divisor of 60236 and 176231?
407
What is the greatest common divisor of 6 and 3380694?
6
Calculate the greatest common divisor of 575 and 352125.
25
Calculate the highest common divisor of 836 and 303259.
209
Calculate the highest common factor of 40096 and 1120.
224
What is the highest common factor of 7463 and 1037?
17
What is the greatest common factor of 66468 and 190236?
2292
What is the highest common factor of 7393 and 23?
1
What is the greatest common divisor of 148864 and 160?
32
What is the greatest common divisor of 508 and 4403852?
508
Calculate the highest common factor of 26 and 698.
2
Calculate the greatest common divisor of 273 and 2877.
21
What is the greatest common factor of 446831 and 231?
77
Calculate the greatest common divisor of 90 and 535190.
10
What is the highest common divisor of 101035 and 9680?
605
Calculate the greatest common factor of 2088 and 46719.
261
Calculate the greatest common factor of 4536 and 10224.
72
What is the greatest common divisor of 537342 and 2652?
78
Calculate the greatest common factor of 410 and 4018.
82
What is the greatest common factor of 1630 and 4254300?
1630
Calculate the greatest common divisor of 10424 and 12.
4
Calculate the greatest common factor of 121147 and 91.
13
What is the greatest common divisor of 1220842 and 203?
203
What is the highest common factor of 23214 and 1590?
318
What is the greatest common divisor of 31590 and 540?
270
Calculate the greatest common divisor of 806 and 481.
13
What is the greatest common factor of 10711 and 1?
1
Calculate the greatest common factor of 142245 and 75.
15
Calculate the greatest common factor of 403 and 1963.
13
What is the greatest common factor of 5 and 2867?
1
Calculate the greatest common factor of 390 and 48282.
78
What is the highest common factor of 25362 and 36?
18
Calculate the greatest common divisor of 12450 and 5727.
249
What is the greatest common factor of 11622 and 24?
6
What is the highest common factor of 534 and 1707999?
267
What is the highest common divisor of 58302 and 1264?
158
What is the highest common factor of 265419 and 495?
99
What is the greatest common divisor of 50662 and 1314?
146
What is the greatest common factor of 93159 and 198?
99
What is the greatest common factor of 5936 and 904?
8
What is the greatest common factor of 1202774 and 354?
118
Calculate the highest common divisor of 342 and 50502.
114
What is the highest common divisor of 16 and 248816?
16
What is the greatest common divisor of 1001 and 3861?
143
What is the highest common factor of 235 and 120785?
5
Calculate the greatest common factor of 147 and 9609.
3
Calculate the greatest common factor of 53 and 204103.
53
Calculate the greatest common factor of 248 and 15903.
31
Calculate the greatest common factor of 24 and 83556.
12
Calculate the highest common divisor of 279996 and 24.
12
Calculate the highest common divisor of 1565749 and 328.
41
What is the highest common divisor of 55720 and 1400?
280
Calculate the highest common factor of 98200 and 32.
8
Calculate the greatest common factor of 22971 and 8664.
57
What is the greatest common divisor of 3 and 197762?
1
What is the greatest common divisor of 5977319 and 799?
799
What is the greatest common factor of 10396 and 2712?
452
What is the highest common factor of 15066 and 41634?
162
What is the highest common divisor of 13130 and 190?
10
What is the greatest common divisor of 132141 and 102?
51
Calculate the highest common factor of 141 and 2303799.
141
Calculate the greatest common factor of 81494 and 70.
14
What is the greatest common divisor of 303661 and 604?
151
What is the greatest common divisor of 1394 and 21369?
17
Calculate the highest common factor of 2090 and 57893.
209
What is the greatest common factor of 136055 and 115?
5
Calculate the greatest common divisor of 6180 and 2983395.
1545
What is the highest common divisor of 200 and 6325?
25
Calculate the highest common factor of 146365 and 6817.
401
Calculate the greatest common factor of 796 and 10547.
199
Calculate the highest common divisor of 10710 and 1904.
238
Calculate the greatest common factor of 1332 and 34484.
148
Calculate the greatest common divisor of 158 and 507022.
158
What is the highest common divisor of 80 and 1060?
20
Calculate the greatest common divisor of 77 and 19327.
77
What is the highest common factor of 668297 and 7?
7
Calculate the greatest common factor of 360 and 398760.
120
Calculate the highest common factor of 1135286 and 2456.
614
What is the highest common factor of 2347887 and 114?
57
Calculate the greatest common divisor of 13025 and 45.
5
Calculate the greatest common factor of 14507 and 979.
89
What is the highest common divisor of 32 and 17704?
8
Calculate the highest common divisor of 224 and 10464.
32
What is the greatest common factor of 1052 and 15517?
263
Calculate the greatest common divisor of 88462 and 22.
22
Calculate the greatest common factor of 34 and 989485.
17
What is the highest common divisor of 2875 and 104765?
115
Calculate the highest common factor of 20 and 176570.
10
What is the highest common divisor of 540 and 290655?
135
What is the highest common factor of 1475 and 176800?
25
Calculate the highest common factor of 3636 and 8787.
303
What is the highest common factor of 50805 and 95?
5
Calculate the greatest common divisor of 38765 and 755.
5
Calculate the greatest common factor of 87 and 2226.
3
What is the highest common factor of 15409 and 1349?
19
What is the highest common factor of 45 and 15669?
9
Calculate the greatest common factor of 1551 and 200596.
517
What is the greatest common factor of 96 and 253440?
96
Calculate the greatest common divisor of 297622 and 234.
26
What is the greatest common divisor of 590968 and 56?
56
What is the greatest common factor of 266 and 5206?
38
Calculate the greatest common factor of 1047 and 1852841.
349
Calculate the highest common factor of 203970 and 546.
78
What is the greatest common divisor of 85946 and 98?
98
What is the greatest common divisor of 1088 and 53992?
136
What is the highest common factor of 98 and 158662?
98
Calculate the highest common factor of 64878 and 132.
66
What is the greatest common divisor of 2529 and 2844?
9
Calculate the highest common divisor of 525545 and 12015.
445
Calculate the greatest common factor of 19316 and 12292.
1756
What is the greatest common divisor of 187 and 1965625?
17
Calculate the highest common divisor of 994 and 74935.
7
Calculate the greatest common factor of 464 and 44196.
116
What is the greatest common factor of 1446 and 2069949?
723
What is the highest common divisor of 2052 and 64467?
171
What is the highest common divisor of 24054 and 3165?
633
Calculate the greatest common factor of 1455165 and 15.
15
Calculate the highest common factor of 289 and 8874.
17
Calculate the highest common divisor of 52096 and 22880.
352
Calculate the highest common divisor of 13528 and 3496.
152
What is the highest common factor of 2684 and 319?
11
Calculate the greatest common factor of 17045 and 126.
7
What is the highest common factor of 44 and 681692?
44
What is the greatest common factor of 39 and 1625?
13
What is the greatest common divisor of 54501 and 6771?
111
Calculate the greatest common divisor of 473229 and 459.
459
Calculate the highest common divisor of 11 and 1667567.
11
Calculate the greatest common divisor of 13648 and 1136.
16
What is the greatest common factor of 798006 and 88?
22
What is the greates